{"id":196,"date":"2025-05-27T09:30:47","date_gmt":"2025-05-27T07:30:47","guid":{"rendered":"https:\/\/www.ai-storytelling.de\/?page_id=196"},"modified":"2025-06-11T17:55:46","modified_gmt":"2025-06-11T15:55:46","slug":"fraunhofer-iff-forschung-fuer-die-industrielle-zukunft","status":"publish","type":"page","link":"https:\/\/www.ai-storytelling.de\/?page_id=196","title":{"rendered":""},"content":{"rendered":"\n<div class=\"wp-block-uagb-image aligncenter uagb-block-c7f8b4d9 wp-block-uagb-image--layout-default wp-block-uagb-image--effect-static wp-block-uagb-image--align-center\"><figure class=\"wp-block-uagb-image__figure\"><img decoding=\"async\" srcset=\"https:\/\/www.ai-storytelling.de\/wp-content\/uploads\/2025\/06\/iff_logo-1024x271.png ,https:\/\/www.ai-storytelling.de\/wp-content\/uploads\/2025\/06\/iff_logo.png 780w, https:\/\/www.ai-storytelling.de\/wp-content\/uploads\/2025\/06\/iff_logo.png 360w\" sizes=\"(max-width: 480px) 150px\" src=\"https:\/\/www.ai-storytelling.de\/wp-content\/uploads\/2025\/06\/iff_logo-1024x271.png\" alt=\"\" class=\"uag-image-421\" width=\"500\" height=\"271\" title=\"iff_logo\" loading=\"lazy\" role=\"img\"\/><\/figure><\/div>\n\n\n\n<p><\/p>\n\n\n\n<p><\/p>\n\n\n\n<div class=\"wp-block-cover\" style=\"min-height:146px;aspect-ratio:unset;\"><span aria-hidden=\"true\" class=\"wp-block-cover__background has-background-dim-100 has-background-dim has-background-gradient has-light-green-cyan-to-vivid-green-cyan-gradient-background\"><\/span><div class=\"wp-block-cover__inner-container is-layout-constrained wp-block-cover-is-layout-constrained\">\n<p class=\"has-text-align-center has-large-font-size\">Forschung f\u00fcr die industrielle Zukunft<\/p>\n<\/div><\/div>\n\n\n\n<p>Das&nbsp;<strong>Fraunhofer-Institut f\u00fcr Fabrikbetrieb und -automatisierung IFF<\/strong>&nbsp;mit Sitz in&nbsp;<strong>Magdeburg<\/strong>&nbsp;ist eines der f\u00fchrenden deutschen Forschungsinstitute im Bereich der angewandten Industrie- und Arbeitsforschung. Als Teil der Fraunhofer-Gesellschaft entwickelt das IFF innovative Technologien, Konzepte und Systeme f\u00fcr die&nbsp;<strong>digitale Transformation von Produktion, Logistik und Energiesystemen<\/strong>.<\/p>\n\n\n\n<p>Die Forschungsschwerpunkte des IFF liegen u.\u202fa. in den Bereichen&nbsp;<strong>Industrie 4.0<\/strong>,&nbsp;<strong>virtuelle Planung und Simulation<\/strong>,&nbsp;<strong>Assistenzsysteme<\/strong>,&nbsp;<strong>Robotik<\/strong>,&nbsp;<strong>Nachhaltigkeit<\/strong>&nbsp;und&nbsp;<strong>sichere Mensch-Technik-Interaktion<\/strong>. Ziel ist es, Unternehmen bei der Entwicklung zukunftsf\u00e4higer, anpassungsf\u00e4higer und effizienter Prozesse zu unterst\u00fctzen.<\/p>\n\n\n\n<p>Im Fokus steht stets die&nbsp;<strong>Praxisrelevanz<\/strong>: Gemeinsam mit Industrie-, Verwaltungs- und Projektpartnern werden anwendungsnahe L\u00f6sungen erarbeitet \u2013 von der Konzeptentwicklung bis zur Umsetzung im Feld. Das Fraunhofer IFF begleitet Transformationsprozesse mit technologischem Know-how, methodischer Tiefe und einem interdisziplin\u00e4ren Team aus Forschung, Entwicklung und Lehre.<\/p>\n\n\n\n<p>Im Rahmen von Verbundprojekten wie&nbsp;<strong>AI- Storytelling<\/strong>&nbsp;bringt das Institut seine&nbsp;<strong>Expertise in Methodik, Wissensmodellierung und Technologiebewertung<\/strong>&nbsp;ein. Ziel ist es, nachhaltige und ethisch reflektierte KI-Anwendungen in realen Arbeitswelten zu verankern.<\/p>\n\n\n\n<p>Mehr erfahren: <a href=\"https:\/\/www.iff.fraunhofer.de\">https:\/\/www.iff.fraunhofer.de<\/a><\/p>\n","protected":false},"excerpt":{"rendered":"<p>Das&nbsp;Fraunhofer-Institut f\u00fcr Fabrikbetrieb und -automatisierung IFF&nbsp;mit Sitz in&nbsp;Magdeburg&nbsp;ist eines der f\u00fchrenden deutschen Forschungsinstitute im Bereich der angewandten Industrie- und Arbeitsforschung. Als Teil der Fraunhofer-Gesellschaft entwickelt das IFF innovative Technologien, Konzepte und Systeme f\u00fcr die&nbsp;digitale Transformation von Produktion, Logistik und Energiesystemen. Die Forschungsschwerpunkte des IFF liegen u.\u202fa. in den Bereichen&nbsp;Industrie 4.0,&nbsp;virtuelle Planung und Simulation,&nbsp;Assistenzsysteme,&nbsp;Robotik,&nbsp;Nachhaltigkeit&nbsp;und&nbsp;sichere Mensch-Technik-Interaktion. Ziel [&hellip;]<\/p>\n","protected":false},"author":3,"featured_media":0,"parent":0,"menu_order":0,"comment_status":"closed","ping_status":"closed","template":"","meta":{"_uag_custom_page_level_css":"","footnotes":""},"class_list":["post-196","page","type-page","status-publish","hentry"],"uagb_featured_image_src":{"full":false,"thumbnail":false,"medium":false,"medium_large":false,"large":false,"1536x1536":false,"2048x2048":false},"uagb_author_info":{"display_name":"Tina Haase","author_link":"https:\/\/www.ai-storytelling.de\/?author=3"},"uagb_comment_info":0,"uagb_excerpt":"Das&nbsp;Fraunhofer-Institut f\u00fcr Fabrikbetrieb und -automatisierung IFF&nbsp;mit Sitz in&nbsp;Magdeburg&nbsp;ist eines der f\u00fchrenden deutschen Forschungsinstitute im Bereich der angewandten Industrie- und Arbeitsforschung. Als Teil der Fraunhofer-Gesellschaft entwickelt das IFF innovative Technologien, Konzepte und Systeme f\u00fcr die&nbsp;digitale Transformation von Produktion, Logistik und Energiesystemen. Die Forschungsschwerpunkte des IFF liegen u.\u202fa. in den Bereichen&nbsp;Industrie 4.0,&nbsp;virtuelle Planung und Simulation,&nbsp;Assistenzsysteme,&nbsp;Robotik,&nbsp;Nachhaltigkeit&nbsp;und&nbsp;sichere Mensch-Technik-Interaktion. Ziel&hellip;","_links":{"self":[{"href":"https:\/\/www.ai-storytelling.de\/index.php?rest_route=\/wp\/v2\/pages\/196","targetHints":{"allow":["GET"]}}],"collection":[{"href":"https:\/\/www.ai-storytelling.de\/index.php?rest_route=\/wp\/v2\/pages"}],"about":[{"href":"https:\/\/www.ai-storytelling.de\/index.php?rest_route=\/wp\/v2\/types\/page"}],"author":[{"embeddable":true,"href":"https:\/\/www.ai-storytelling.de\/index.php?rest_route=\/wp\/v2\/users\/3"}],"replies":[{"embeddable":true,"href":"https:\/\/www.ai-storytelling.de\/index.php?rest_route=%2Fwp%2Fv2%2Fcomments&post=196"}],"version-history":[{"count":10,"href":"https:\/\/www.ai-storytelling.de\/index.php?rest_route=\/wp\/v2\/pages\/196\/revisions"}],"predecessor-version":[{"id":565,"href":"https:\/\/www.ai-storytelling.de\/index.php?rest_route=\/wp\/v2\/pages\/196\/revisions\/565"}],"wp:attachment":[{"href":"https:\/\/www.ai-storytelling.de\/index.php?rest_route=%2Fwp%2Fv2%2Fmedia&parent=196"}],"curies":[{"name":"wp","href":"https:\/\/api.w.org\/{rel}","templated":true}]}}