{"id":183,"date":"2025-05-27T09:11:31","date_gmt":"2025-05-27T07:11:31","guid":{"rendered":"https:\/\/www.ai-storytelling.de\/?page_id=183"},"modified":"2025-06-11T17:56:06","modified_gmt":"2025-06-11T15:56:06","slug":"asm-dimatec-intelligente-systeme-fuer-industrielle-anwendungen","status":"publish","type":"page","link":"https:\/\/www.ai-storytelling.de\/?page_id=183","title":{"rendered":""},"content":{"rendered":"\n<div class=\"wp-block-uagb-image aligncenter uagb-block-f821d08e wp-block-uagb-image--layout-default wp-block-uagb-image--effect-static wp-block-uagb-image--align-center\"><figure class=\"wp-block-uagb-image__figure\"><img decoding=\"async\" srcset=\"https:\/\/www.ai-storytelling.de\/wp-content\/uploads\/2025\/06\/Logo-ASM-Dimatec.jpg ,https:\/\/www.ai-storytelling.de\/wp-content\/uploads\/2025\/06\/Logo-ASM-Dimatec.jpg 780w, https:\/\/www.ai-storytelling.de\/wp-content\/uploads\/2025\/06\/Logo-ASM-Dimatec.jpg 360w\" sizes=\"(max-width: 480px) 150px\" src=\"https:\/\/www.ai-storytelling.de\/wp-content\/uploads\/2025\/06\/Logo-ASM-Dimatec.jpg\" alt=\"\" class=\"uag-image-403\" width=\"500\" height=\"500\" title=\"Logo ASM Dimatec\" loading=\"lazy\" role=\"img\"\/><\/figure><\/div>\n\n\n\n<p><\/p>\n\n\n\n<p><\/p>\n\n\n\n<div class=\"wp-block-cover\" style=\"min-height:98px;aspect-ratio:unset;\"><span aria-hidden=\"true\" class=\"wp-block-cover__background has-background-dim-100 has-background-dim has-background-gradient has-luminous-vivid-amber-to-luminous-vivid-orange-gradient-background\"><\/span><div class=\"wp-block-cover__inner-container is-layout-constrained wp-block-cover-is-layout-constrained\">\n<p class=\"has-text-align-center has-large-font-size\">Intelligente Systeme f\u00fcr industrielle Anwendungen<\/p>\n<\/div><\/div>\n\n\n\n<p>Die&nbsp;ASM Dimatec Deutschland GmbH&nbsp;bietet spezialisierte&nbsp;technische L\u00f6sungen f\u00fcr industrielle Anwendungen, mit Schwerpunkten in der&nbsp;<strong>Klebstoffapplikation<\/strong>,&nbsp;<strong>Fassentleerung<\/strong>,&nbsp;<strong>Schwei\u00dftechnik<\/strong>,&nbsp;<strong>CNC-Bearbeitung<\/strong>&nbsp;und&nbsp;<strong>Pumpentechnologie<\/strong>.<\/p>\n\n\n\n<p>Das Portfolio umfasst hochpr\u00e4zise&nbsp;<strong>1K<\/strong>&#8211; und <strong>2K<\/strong>&#8211;<strong>Klebstoffapplikationsanlagen<\/strong>, die insbesondere in der <strong>Automobilindustrie<\/strong>, im&nbsp;<strong>Maschinenbau<\/strong>&nbsp;und anderen Branchen eingesetzt werden. Erg\u00e4nzt wird das Angebot durch&nbsp;<strong>Primer-Applikationssysteme<\/strong>&nbsp;sowie&nbsp;<strong>automatisierte Fassentleerungsl\u00f6sungen<\/strong>&nbsp;f\u00fcr eine effiziente Materialbereitstellung.<\/p>\n\n\n\n<p>Als <strong>Hersteller komplexer&nbsp;Industriepumpen<\/strong>&nbsp;verf\u00fcgt ASM Dimatec \u00fcber fundiertes Know-how in den Bereichen&nbsp;<strong>Industrie 4.0<\/strong>&nbsp;und&nbsp;<strong>digitale Zwillinge<\/strong>. Ein auf der&nbsp;Asset Administration Shell (<strong>AAS<\/strong>)&nbsp;basierendes Assistenzsystem unterst\u00fctzt bei der&nbsp;<strong>Auslegung<\/strong>, <strong>Installation<\/strong> und <strong>Wartung<\/strong>&nbsp;von Pumpensystemen.<\/p>\n\n\n\n<p>Im Bereich&nbsp;Schwei\u00dftechnik&nbsp;fertigt das Unternehmen nach den Normen&nbsp;DIN EN 1090-1\/2 (EXC3)&nbsp;\u2013 unter anderem f\u00fcr die&nbsp;Freizeitparkindustrie&nbsp;sowie f\u00fcr&nbsp;wehrtechnische Anwendungen&nbsp;gem\u00e4\u00df&nbsp;DIN 2303. Auch in der&nbsp;CNC-Bearbeitung bietet ASM projektspezifische, normgerechte L\u00f6sungen mit hoher Fertigungstiefe.<\/p>\n\n\n\n<p>Der Fokus des Unternehmens liegt auf&nbsp;<strong>technischer Pr\u00e4zision<\/strong>,&nbsp;<strong>digitaler Integration<\/strong>&nbsp;und&nbsp;<strong>ma\u00dfgeschneiderten L\u00f6sungen<\/strong>, die auf die Anforderungen industrieller Prozesse abgestimmt sind.<\/p>\n\n\n\n<p>Mehr erfahren: <a href=\"https:\/\/www.asmdimatec.de\">https:\/\/www.asmdimatec.de<\/a><\/p>\n","protected":false},"excerpt":{"rendered":"<p>Die&nbsp;ASM Dimatec Deutschland GmbH&nbsp;bietet spezialisierte&nbsp;technische L\u00f6sungen f\u00fcr industrielle Anwendungen, mit Schwerpunkten in der&nbsp;Klebstoffapplikation,&nbsp;Fassentleerung,&nbsp;Schwei\u00dftechnik,&nbsp;CNC-Bearbeitung&nbsp;und&nbsp;Pumpentechnologie. Das Portfolio umfasst hochpr\u00e4zise&nbsp;1K&#8211; und 2K&#8211;Klebstoffapplikationsanlagen, die insbesondere in der Automobilindustrie, im&nbsp;Maschinenbau&nbsp;und anderen Branchen eingesetzt werden. Erg\u00e4nzt wird das Angebot durch&nbsp;Primer-Applikationssysteme&nbsp;sowie&nbsp;automatisierte Fassentleerungsl\u00f6sungen&nbsp;f\u00fcr eine effiziente Materialbereitstellung. Als Hersteller komplexer&nbsp;Industriepumpen&nbsp;verf\u00fcgt ASM Dimatec \u00fcber fundiertes Know-how in den Bereichen&nbsp;Industrie 4.0&nbsp;und&nbsp;digitale Zwillinge. Ein auf der&nbsp;Asset Administration [&hellip;]<\/p>\n","protected":false},"author":3,"featured_media":0,"parent":0,"menu_order":0,"comment_status":"closed","ping_status":"closed","template":"","meta":{"_uag_custom_page_level_css":"","footnotes":""},"class_list":["post-183","page","type-page","status-publish","hentry"],"uagb_featured_image_src":{"full":false,"thumbnail":false,"medium":false,"medium_large":false,"large":false,"1536x1536":false,"2048x2048":false},"uagb_author_info":{"display_name":"Tina Haase","author_link":"https:\/\/www.ai-storytelling.de\/?author=3"},"uagb_comment_info":0,"uagb_excerpt":"Die&nbsp;ASM Dimatec Deutschland GmbH&nbsp;bietet spezialisierte&nbsp;technische L\u00f6sungen f\u00fcr industrielle Anwendungen, mit Schwerpunkten in der&nbsp;Klebstoffapplikation,&nbsp;Fassentleerung,&nbsp;Schwei\u00dftechnik,&nbsp;CNC-Bearbeitung&nbsp;und&nbsp;Pumpentechnologie. Das Portfolio umfasst hochpr\u00e4zise&nbsp;1K&#8211; und 2K&#8211;Klebstoffapplikationsanlagen, die insbesondere in der Automobilindustrie, im&nbsp;Maschinenbau&nbsp;und anderen Branchen eingesetzt werden. Erg\u00e4nzt wird das Angebot durch&nbsp;Primer-Applikationssysteme&nbsp;sowie&nbsp;automatisierte Fassentleerungsl\u00f6sungen&nbsp;f\u00fcr eine effiziente Materialbereitstellung. Als Hersteller komplexer&nbsp;Industriepumpen&nbsp;verf\u00fcgt ASM Dimatec \u00fcber fundiertes Know-how in den Bereichen&nbsp;Industrie 4.0&nbsp;und&nbsp;digitale Zwillinge. Ein auf der&nbsp;Asset Administration&hellip;","_links":{"self":[{"href":"https:\/\/www.ai-storytelling.de\/index.php?rest_route=\/wp\/v2\/pages\/183","targetHints":{"allow":["GET"]}}],"collection":[{"href":"https:\/\/www.ai-storytelling.de\/index.php?rest_route=\/wp\/v2\/pages"}],"about":[{"href":"https:\/\/www.ai-storytelling.de\/index.php?rest_route=\/wp\/v2\/types\/page"}],"author":[{"embeddable":true,"href":"https:\/\/www.ai-storytelling.de\/index.php?rest_route=\/wp\/v2\/users\/3"}],"replies":[{"embeddable":true,"href":"https:\/\/www.ai-storytelling.de\/index.php?rest_route=%2Fwp%2Fv2%2Fcomments&post=183"}],"version-history":[{"count":11,"href":"https:\/\/www.ai-storytelling.de\/index.php?rest_route=\/wp\/v2\/pages\/183\/revisions"}],"predecessor-version":[{"id":566,"href":"https:\/\/www.ai-storytelling.de\/index.php?rest_route=\/wp\/v2\/pages\/183\/revisions\/566"}],"wp:attachment":[{"href":"https:\/\/www.ai-storytelling.de\/index.php?rest_route=%2Fwp%2Fv2%2Fmedia&parent=183"}],"curies":[{"name":"wp","href":"https:\/\/api.w.org\/{rel}","templated":true}]}}